*o. Calculate the remainder when o is divided by 289.
18
Let b = -14 + 24. Suppose -2*o + 52 = u + 12, -20 = -2*o + 4*u. What is the remainder when o is divided by b?
8
Let a = -255 - -231. What is the remainder when 461 is divided by (-45)/a*18 + (-45)/60?
32
Let s(r) = 8 - 59*r + 9 + 2. Let b(t) = 15*t - 5. Let n(w) = -22*b(w) - 6*s(w). Calculate the remainder when 58 is divided by n(1).
18
Let n = -14481 + 21860. Calculate the remainder when n is divided by 180.
179
Let x = -65 + 65. Suppose 5*u + 3*h - 181 = x, -u + 0*u + 35 = h. What is the remainder when 82 is divided by (-185)/(-37) + (u - 0)?
39
Let t = -124 - -188. Calculate the remainder when (-48)/t - (-1 + (-631)/4) is divided by 55.
48
Let p be ((-232)/28)/((-8)/28). Suppose -257 = -19*q - p. What is the remainder when 34 is divided by q?
10
Let v = -46 + 69. Suppose -2*b = -0*b + 6, 0 = -5*s + b + v. Suppose -s*p = -p - 30. What is the remainder when p is divided by 3?
1
Let g = -212 + 217. Suppose -2*i - 5*r = -37, -g*r + 11 - 7 = -i. Calculate the remainder when 42 is divided by i.
9
Let u(o) = 10*o - 38. Let m be u(4). Suppose 0 = -3*g - t - 42 + 125, 37 = g - m*t. What is the remainder when g is divided by 5?
4
Suppose 0 = r - 4 + 1, -4*r = -4*a + 60. Let j be (1 - 7)/(7 + 0 + -9). Suppose j + 65 = 17*w. What is the remainder when a is divided by w?
2
Let w be (-2 - 0)*(441/(-3) - -1). Let i = w - 236. Calculate the remainder when 167 is divided by i.
55
Calculate the remainder when 75 is divided by (11*-5 + 0)*(-4)/(4 + 0).
20
Let d(i) = 22*i**2 - 18 + 75 - 21*i**2 - 15*i. What is the remainder when 23 is divided by d(4)?
10
Suppose 39*l - 36*l - 4*u = 1620, u + 3 = 0. What is the remainder when l is divided by 19?
4
Let b = 205 - 89. Let o = b + -84. What is the remainder when o is divided by 5?
2
Let s = -10634 - -17149. What is the remainder when s is divided by 41?
37
Suppose o - 5*o = -40. Let g = 2 - 71. Let t = 106 + g. Calculate the remainder when t is divided by o.
7
Let x = 1 - 2. Let j = 2971 + -2968. Calculate the remainder when (x*(-10)/(-25))/(j/(-15)) is divided by 2.
0
Let p = 133 + -127. Let v = -137 + 255. What is the remainder when v is divided by p?
4
Suppose 0 = 1049*q - 1036*q - 1547. What is the remainder when q is divided by 28?
7
Suppose -20 - 862 = -6*b. What is the remainder when b is divided by ((-528)/72)/((-1)/3 + 0)?
15
Suppose 5*x + 4*q = 10*x - 422, x - q = 85. Calculate the remainder when 654 is divided by x.
80
Let c be 10/(-30)*-18*1110/4. Suppose -1662*m = -c*m + 81. What is the remainder when 100 is divided by m?
19
What is the remainder when 48/(-192) - (-17415)/12 is divided by 27?
20
Let x be 82/287 + (-131)/(-7). Let b(w) = 2*w**2 - 35*w - 54. What is the remainder when 5/2*(-2)/(-1) is divided by b(x)?
2
Let q be (-2)/(-2)*-305*17/85. Calculate the remainder when ((-9)/(-9) + 35)*q/(-4) is divided by 25.
24
Suppose 10*k = -9*k + 5796 + 474. Calculate the remainder when k is divided by 10.
0
Calculate the remainder when 0 + (4 - (-20006)/12 - (-5)/(-30)) is divided by 29.
18
Let b(f) = f**2 + 40*f + 59. Calculate the remainder when b(-41) is divided by 13.
9
Let m(h) = 486*h + 4048. What is the remainder when 1133 is divided by m(-8)?
13
Suppose 0 = -558*x + 537*x + 8883. Calculate the remainder when x is divided by 77.
38
Let t(s) = -s**2 - 23*s + 52. Let j be t(-25). Let f(p) = -p**3 + 5*p**2 - 4*p - 1. Let h(m) = 2*m + 1. Calculate the remainder when f(j) is divided by h(1).
0
Suppose u - 569 = -4*t, -281 = 4*t - 2*u - 859. What is the remainder when 200 is divided by t?
57
Let d(k) = k**3 + 6*k**2 + 4*k - 8. Let u be d(-4). Let m = u - -243. What is the remainder when m is divided by 16 + (-5 + -3)/(-4)?
17
Let k = 11220 + -9153. What is the remainder when k is divided by 69?
66
Let m(n) = 66*n + 5481. Calculate the remainder when 633 is divided by m(-74).
36
Let l(n) = 72*n**2 + 11*n + 13. Let c be l(-1). Suppose 3*t + c = 3*x + 119, -2*t + x = -30. Calculate the remainder when 52 is divided by t.
7
Let d(c) = 30*c + 1. Calculate the remainder when d(6) is divided by 117/(-36)*(1/3)/(24/(-288)).
12
Let u be 305 - 5/(-40)*6*4. Suppose 2*y = -y + 12. Suppose 5*d - d - u = -4*p, d + y*p = 71. What is the remainder when d is divided by 20?
19
Let v(m) = -m**3 - 37*m**2 + 2*m + 43. Let g be v(-37). Let r = 74 + -22. Let d = r + g. What is the remainder when 81 is divided by d?
18
Suppose 2*d + 9 - 17 = 0. What is the remainder when (65/(-10) + d)*(-36)/10 is divided by 4?
1
Let i = -5113 + 6420. What is the remainder when i is divided by 72?
11
Let o = -25 + 61. Suppose -6*u - 3*u = -o. Suppose -2*z = 2*z - u*x - 100, 3*z - 5*x = 85. Calculate the remainder when 57 is divided by z.
17
Suppose 3*h + x - 70 = -0*h, 111 = 5*h - 4*x. Let n = -597 + 609. Calculate the remainder when h is divided by n.
11
Suppose -666*z + 93246 = -579*z - 413268. What is the remainder when z is divided by 31?
25
Let j = -622 + 654. Calculate the remainder when j is divided by 29.
3
Let b = 13054 + -13046. Suppose 0 = 4*n + 4, -i + 4*n = -6*i + 16. Suppose x + 0*x = -m + 28, -i*m + 20 = 0. What is the remainder when x is divided by b?
7
Let l(s) = -s + 6. Suppose 0 = 4*o + 8, 5*x = 4*o + 99 + 269. Let k = x + -55. What is the remainder when k is divided by l(-1)?
3
Let o = -158 - -341. Let k = -174 + o. Calculate the remainder when 223 is divided by k.
7
Let j(k) = -25*k + 1127. Calculate the remainder when j(24) is divided by 76.
71
Suppose -f + 79 = -35. Suppose -6 - f = -4*j. What is the remainder when -20 - -134 - (-1)/(1/5) is divided by j?
29
Suppose -21*b - 25 = 17. Calculate the remainder when ((-9)/b*6)/(12/40) is divided by 23.
21
Let k = 5092 + -3044. Suppose -33*f - k = -49*f. Calculate the remainder when f is divided by 37.
17
Suppose 8 = 5*c - 4*c. Let n(y) = 5*y + 56 - 79 + 0*y + 30 + 34. Calculate the remainder when n(c) is divided by 14.
11
Suppose 23*j - 19*j - 405 = 3*u, 4*u = 4*j - 408. Calculate the remainder when j is divided by 21.
15
Let h(b) = -3*b**2 + 2*b + 22. Let a(f) = f + 17. Let q be a(-17). Let i be h(q). Let t = 49 - i. What is the remainder when t is divided by 10?
7
Let t(x) = 55*x - 110. Calculate the remainder when t(4) is divided by 21.
5
Suppose 4*n + 5*q + 0*q - 46 = 0, 0 = -3*q + 6. Calculate the remainder when 96 is divided by (n + (-87)/9)/(2/(-117)).
18
Suppose -4*a + a - 12 = 4*w, 2*w - 3*a - 12 = 0. Suppose 2*h = -2*j + 34, w = 3*j + j - 20. What is the remainder when 157 is divided by 23/((3/h)/((-1)/(-4)))?
19
Let y(k) = 18*k**2 + 77*k - 414. Calculate the remainder when y(4) is divided by 163.
19
Let m = -15687 - -15911. Calculate the remainder when 664 is divided by m.
216
Let q be 4 - (-7)/(28/2032). Suppose 2*m - 2 = 4*m, -5*g = -2*m - q. Calculate the remainder when g is divided by 59.
43
Let n = 86 - 57. Suppose -4*h + n = o, 4*h + 10 = 2*o - 0*h. Calculate the remainder when o is divided by (-5)/10 + (-45)/(-6).
6
Let t = 3459 + -3456. Calculate the remainder when 32 is divided by t.
2
Let u = 259 + -237. What is the remainder when 95 is divided by (-985)/(-20) + (u/8 - 3)?
46
Let h(v) = v**3 - 26*v**2 + v - 6. Let x be h(26). Let j = 51 - 27. Calculate the remainder when (-3 + 3 + 4)*x is divided by j.
8
What is the remainder when (-2 + 262126)/19 + -11 is divided by 17?
15
Suppose i = -4*x + 9*x - 79, 5*x + i - 71 = 0. Suppose -x*d - 186 = -636. What is the remainder when d is divided by 140/15 + (-2)/6?
3
Suppose 0 = 3*w + 3*c - 2 + 5, c = -5. Suppose w*r + i - 191 - 41 = 0, i = 0. Suppose 2*k + 18 = 5*k. Calculate the remainder when r is divided by k.
4
Let p(d) = 5*d**2 - 304*d - 1217. Suppose 8 = 5*l - 17. Calculate the remainder when p(-4) is divided by l.
4
Let f = 944 - 44. Suppose -f = -25*h + 15*h. What is the remainder when h is divided by 40?
10
Let v(m) = -6*m**2 - 347*m + 69. What is the remainder when v(-57) is divided by 84?
18
Let m(h) = h - 2. Let j(w) = w**3 - 11*w**2 + 10*w - 3. Let s be j(10). Let p be (-2)/s*1 + 169/39. What is the remainder when 17 is divided by m(p)?
2
Suppose -21*l - 3*m - 442 = -25*l, l - 5*m = 119. Calculate the remainder when 734 is divided by l.
80
Suppose -6*r + 2*r - 14 = 2*g, 0 = 2*r - 10. Let k be 1/(-5)*-5*(1 - g). Suppose 16*c - 14*c - k = 0. Wh